

{"id":238,"date":"2024-01-05T10:34:44","date_gmt":"2024-01-05T09:34:44","guid":{"rendered":"https:\/\/www.gestionproduit.fr\/mairie-rebigue\/?page_id=238"},"modified":"2024-01-05T10:44:03","modified_gmt":"2024-01-05T09:44:03","slug":"horaire-de-tontes","status":"publish","type":"page","link":"https:\/\/www.gestionproduit.fr\/mairie-rebigue\/horaire-de-tontes\/","title":{"rendered":"Horaire de tontes"},"content":{"rendered":"<div class=\"wp-block-image\">\n<figure class=\"alignright\"><img decoding=\"async\" src=\"http:\/\/www.mairie-rebigue.fr\/wp-content\/uploads\/2018\/07\/tondeuse-300x274.jpg\" alt=\"\" class=\"wp-image-387\"\/><\/figure>\n<\/div>\n\n\n<p>On tond, on tron\u00e7onne, on d\u00e9broussaille\u2026nos jardins<br>sont bien&nbsp;entretenus\u2026. mais attention \u00e0 notre voisinage et respectons les jours et horaires<br>autoris\u00e9s :<br>\u2013 les samedis de 9 h \u00e0 12 h et de 15 h \u00e0 19h<br>\u2013 les dimanches et jours f\u00e9ri\u00e9s de 10 h \u00e0 12 h et de 16 h \u00e0 18 h<br>\u2013 les jours ouvrables de 8 h 30 \u00e0 12 h et de 14 h 30 \u00e0 19 h 30<\/p>\n\n\n\n<p>Vous trouverez<a href=\"http:\/\/www.haute-garonne.gouv.fr\/content\/download\/5197\/34692\/file\/arrete-pref-lutte-contre-bruits-voisinage-23-07-1996.pdf\" class=\"mtli_attachment mtli_pdf\" target=\"_blank\" rel=\"noreferrer noopener\">\u00a0ici<\/a>\u00a0l\u2019arr\u00eat\u00e9 pr\u00e9fectoral en vigueur sur la commune.<\/p>\n\n\n\n<h2 class=\"wp-block-heading\">Feux de d\u00e9chets verts<\/h2>\n\n\n\n<p><strong><em>Rappel :<\/em><\/strong> il est interdit br\u00fbler des d\u00e9chets verts (v\u00e9g\u00e9taux secs ou humides) chez soi, que ce soit avec un incin\u00e9rateur de jardin ou \u00e0 l&rsquo;air libre. <\/p>\n\n\n\n<p><a href=\"https:\/\/www.service-public.fr\/particuliers\/vosdroits\/F31858\" target=\"_blank\" rel=\"noreferrer noopener\">Lien<\/a><\/p>\n","protected":false},"excerpt":{"rendered":"<p>On tond, on tron\u00e7onne, on d\u00e9broussaille\u2026nos jardinssont bien&nbsp;entretenus\u2026. mais attention \u00e0 notre voisinage et respectons les jours et horairesautoris\u00e9s :\u2013 les samedis de 9 h \u00e0 12 h et de 15 h \u00e0 19h\u2013 les dimanches et jours f\u00e9ri\u00e9s de &hellip; <a href=\"https:\/\/www.gestionproduit.fr\/mairie-rebigue\/horaire-de-tontes\/\">Continuer la lecture <span class=\"meta-nav\">&rarr;<\/span><\/a><\/p>\n","protected":false},"author":1,"featured_media":0,"parent":0,"menu_order":0,"comment_status":"closed","ping_status":"closed","template":"","meta":{"footnotes":""},"class_list":["post-238","page","type-page","status-publish","hentry"],"publishpress_future_action":{"enabled":false,"date":"2026-05-07 00:29:12","action":"change-status","newStatus":"draft","terms":[],"taxonomy":"","extraData":[]},"publishpress_future_workflow_manual_trigger":{"enabledWorkflows":[]},"_links":{"self":[{"href":"https:\/\/www.gestionproduit.fr\/mairie-rebigue\/wp-json\/wp\/v2\/pages\/238","targetHints":{"allow":["GET"]}}],"collection":[{"href":"https:\/\/www.gestionproduit.fr\/mairie-rebigue\/wp-json\/wp\/v2\/pages"}],"about":[{"href":"https:\/\/www.gestionproduit.fr\/mairie-rebigue\/wp-json\/wp\/v2\/types\/page"}],"author":[{"embeddable":true,"href":"https:\/\/www.gestionproduit.fr\/mairie-rebigue\/wp-json\/wp\/v2\/users\/1"}],"replies":[{"embeddable":true,"href":"https:\/\/www.gestionproduit.fr\/mairie-rebigue\/wp-json\/wp\/v2\/comments?post=238"}],"version-history":[{"count":4,"href":"https:\/\/www.gestionproduit.fr\/mairie-rebigue\/wp-json\/wp\/v2\/pages\/238\/revisions"}],"predecessor-version":[{"id":242,"href":"https:\/\/www.gestionproduit.fr\/mairie-rebigue\/wp-json\/wp\/v2\/pages\/238\/revisions\/242"}],"wp:attachment":[{"href":"https:\/\/www.gestionproduit.fr\/mairie-rebigue\/wp-json\/wp\/v2\/media?parent=238"}],"curies":[{"name":"wp","href":"https:\/\/api.w.org\/{rel}","templated":true}]}}

<div class="wp-block-image">
<figure class="alignright"><img decoding="async" src="http://www.mairie-rebigue.fr/wp-content/uploads/2018/07/tondeuse-300x274.jpg" alt="" class="wp-image-387"/></figure>
</div>


<p>On tond, on tronçonne, on débroussaille…nos jardins<br>sont bien&nbsp;entretenus…. mais attention à notre voisinage et respectons les jours et horaires<br>autorisés :<br>– les samedis de 9 h à 12 h et de 15 h à 19h<br>– les dimanches et jours fériés de 10 h à 12 h et de 16 h à 18 h<br>– les jours ouvrables de 8 h 30 à 12 h et de 14 h 30 à 19 h 30</p>



<p>Vous trouverez<a href="http://www.haute-garonne.gouv.fr/content/download/5197/34692/file/arrete-pref-lutte-contre-bruits-voisinage-23-07-1996.pdf" class="mtli_attachment mtli_pdf" target="_blank" rel="noreferrer noopener"> ici</a> l’arrêté préfectoral en vigueur sur la commune.</p>



<h2 class="wp-block-heading">Feux de déchets verts</h2>



<p><strong><em>Rappel :</em></strong> il est interdit brûler des déchets verts (végétaux secs ou humides) chez soi, que ce soit avec un incinérateur de jardin ou à l&rsquo;air libre. </p>



<p><a href="https://www.service-public.fr/particuliers/vosdroits/F31858" target="_blank" rel="noreferrer noopener">Lien</a></p>

<p>On tond, on tronçonne, on débroussaille…nos jardinssont bien&nbsp;entretenus…. mais attention à notre voisinage et respectons les jours et horairesautorisés :– les samedis de 9 h à 12 h et de 15 h à 19h– les dimanches et jours fériés de &hellip; <a href="https://www.gestionproduit.fr/mairie-rebigue/horaire-de-tontes/">Continuer la lecture <span class="meta-nav">&rarr;</span></a></p>
